{"id":4485,"date":"2020-05-01T11:39:23","date_gmt":"2020-05-01T10:39:23","guid":{"rendered":"https:\/\/eskp.hu\/?page_id=4485"},"modified":"2025-03-22T09:54:11","modified_gmt":"2025-03-22T08:54:11","slug":"alexander-technika","status":"publish","type":"page","link":"https:\/\/eskp.hu\/index.php\/alexander-technika\/","title":{"rendered":"Alexander technika"},"content":{"rendered":"<p>Alexander-technika oktat\u00f3k\u00e9pz\u00e9s indul 2025 okt\u00f3ber\u00e9t\u0151l<\/p>\n<p>&nbsp;<\/p>\n<p class=\"cvGsUA direction-ltr align-justify para-style-body\"><span class=\"OYPEnA font-feature-liga-off font-feature-clig-off font-feature-calt-off text-decoration-none text-strikethrough-none\">A Budapesti Alexander-technika Tan\u00e1rk\u00e9pz\u0151 Iskola (BATI)<\/span> <span class=\"OYPEnA font-feature-liga-off font-feature-clig-off font-feature-calt-off text-decoration-none text-strikethrough-none\">oktat\u00f3-k\u00e9pz\u00e9st ind\u00edt.<\/span><\/p>\n<ul>\n<li><span class=\"OYPEnA font-feature-liga-off font-feature-clig-off font-feature-calt-off text-decoration-none text-strikethrough-none\">A k\u00e9pz\u00e9s indul\u00e1sa: 2025. szeptember<\/span><\/li>\n<\/ul>\n<ul>\n<li><span class=\"OYPEnA font-feature-liga-off font-feature-clig-off font-feature-calt-off text-decoration-none text-strikethrough-none\">K\u00e9pz\u0151 int\u00e9zm\u00e9ny: Alexander-technika Tan\u00e1rok Egyes\u00fclete (ATE; nyilv\u00e1ntart\u00e1sba v\u00e9teli sz\u00e1m: B\/2024\/000219)<\/span><\/li>\n<\/ul>\n<ul>\n<li><span class=\"OYPEnA font-feature-liga-off font-feature-clig-off font-feature-calt-off text-decoration-none text-strikethrough-none\">Jelentkez\u00e9si hat\u00e1rid\u0151: 2025. j\u00fanius 20.<\/span><\/li>\n<\/ul>\n<ul>\n<li><span class=\"OYPEnA font-feature-liga-off font-feature-clig-off font-feature-calt-off text-decoration-none text-strikethrough-none\">Id\u0151tartama: 3 \u00e9v (6 f\u00e9l\u00e9v), ami mag\u00e1ban foglalja a nemzetk\u00f6zi k\u00f6vetelm\u00e9nyeknek megfelel\u0151 1600 \u00f3r\u00e1t<\/span><\/li>\n<\/ul>\n<ul>\n<li><span class=\"OYPEnA font-feature-liga-off font-feature-clig-off font-feature-calt-off text-decoration-none text-strikethrough-none\">A k\u00e9pz\u00e9s d\u00edja: 550.000 Ft\/f\u00e9l\u00e9v<\/span><\/li>\n<\/ul>\n<p>&nbsp;<\/p>\n<p>&nbsp;<\/p>\n<p class=\"cvGsUA direction-ltr align-justify para-style-body\"><span class=\"OYPEnA font-feature-liga-off font-feature-clig-off font-feature-calt-off text-decoration-none text-strikethrough-none\">Ha megsz\u00f3l\u00edt a lehet\u0151s\u00e9g, \u00e9s tov\u00e1bbi k\u00e9rd\u00e9seid vannak, l\u00e9pj vel\u00fcnk kapcsolatba:<\/span><\/p>\n<p>&nbsp;<\/p>\n<p class=\"cvGsUA direction-ltr align-justify para-style-body\"><span class=\"OYPEnA font-feature-liga-off font-feature-clig-off font-feature-calt-off text-decoration-none text-strikethrough-none\">Sz\u00e9ll T\u00edmea: +36 20 8081 774<\/span> <span class=\"OYPEnA font-feature-liga-off font-feature-clig-off font-feature-calt-off text-decoration-none text-strikethrough-none\">timeaszell.eskp@gmail.com<\/span><\/p>\n<p class=\"cvGsUA direction-ltr align-justify para-style-body\"><span class=\"OYPEnA font-feature-liga-off font-feature-clig-off font-feature-calt-off text-decoration-none text-strikethrough-none\">Majer Attila: +36 20 3882 082<\/span> <span class=\"OYPEnA font-feature-liga-off font-feature-clig-off font-feature-calt-off text-decoration-none text-strikethrough-none\">info@majerattila.hu<\/span><\/p>\n<p>&nbsp;<\/p>\n","protected":false},"excerpt":{"rendered":"<p>Alexander-technika oktat\u00f3k\u00e9pz\u00e9s indul 2025 okt\u00f3ber\u00e9t\u0151l &nbsp; A Budapesti Alexander-technika Tan\u00e1rk\u00e9pz\u0151 Iskola (BATI) oktat\u00f3-k\u00e9pz\u00e9st ind\u00edt. A k\u00e9pz\u00e9s indul\u00e1sa: 2025. szeptember K\u00e9pz\u0151 int\u00e9zm\u00e9ny: Alexander-technika Tan\u00e1rok Egyes\u00fclete (ATE; nyilv\u00e1ntart\u00e1sba v\u00e9teli sz\u00e1m: B\/2024\/000219) Jelentkez\u00e9si hat\u00e1rid\u0151: 2025. j\u00fanius 20. Id\u0151tartama: 3 \u00e9v (6 f\u00e9l\u00e9v), ami mag\u00e1ban foglalja a nemzetk\u00f6zi k\u00f6vetelm\u00e9nyeknek megfelel\u0151 1600 \u00f3r\u00e1t A k\u00e9pz\u00e9s d\u00edja: 550.000 Ft\/f\u00e9l\u00e9v &nbsp; &nbsp; [&hellip;]<\/p>\n","protected":false},"author":6,"featured_media":0,"parent":0,"menu_order":0,"comment_status":"closed","ping_status":"closed","template":"","meta":{"footnotes":""},"class_list":["post-4485","page","type-page","status-publish","hentry"],"_links":{"self":[{"href":"https:\/\/eskp.hu\/index.php\/wp-json\/wp\/v2\/pages\/4485","targetHints":{"allow":["GET"]}}],"collection":[{"href":"https:\/\/eskp.hu\/index.php\/wp-json\/wp\/v2\/pages"}],"about":[{"href":"https:\/\/eskp.hu\/index.php\/wp-json\/wp\/v2\/types\/page"}],"author":[{"embeddable":true,"href":"https:\/\/eskp.hu\/index.php\/wp-json\/wp\/v2\/users\/6"}],"replies":[{"embeddable":true,"href":"https:\/\/eskp.hu\/index.php\/wp-json\/wp\/v2\/comments?post=4485"}],"version-history":[{"count":4,"href":"https:\/\/eskp.hu\/index.php\/wp-json\/wp\/v2\/pages\/4485\/revisions"}],"predecessor-version":[{"id":5032,"href":"https:\/\/eskp.hu\/index.php\/wp-json\/wp\/v2\/pages\/4485\/revisions\/5032"}],"wp:attachment":[{"href":"https:\/\/eskp.hu\/index.php\/wp-json\/wp\/v2\/media?parent=4485"}],"curies":[{"name":"wp","href":"https:\/\/api.w.org\/{rel}","templated":true}]}}