{"id":4842,"date":"2023-09-07T22:06:52","date_gmt":"2023-09-07T21:06:52","guid":{"rendered":"https:\/\/eskp.hu\/?page_id=4842"},"modified":"2023-09-07T22:24:33","modified_gmt":"2023-09-07T21:24:33","slug":"elerhetosegek-erd","status":"publish","type":"page","link":"https:\/\/eskp.hu\/index.php\/elerhetosegek-erd\/","title":{"rendered":"\u00c9rd"},"content":{"rendered":"<p>[vc_row full_width=&#8221;stretch_row_content_no_spaces&#8221; el_id=&#8221;contact-us&#8221;][vc_column]<div class=\"columns_wrap sc_columns columns_nofluid sc_columns_count_2\"><div class=\"column-1_2 sc_column_item sc_column_item_1 odd first\" style=\"padding: 3.3em 0 4.5em 0;\"><div class=\"sc_section content_section  alignright\"><div class=\"sc_section_inner\"><h2 class=\"sc_title sc_title_regular\" style=\"color:#ffffff;\">El\u00e9rhet\u0151s\u00e9geink<\/h2><div class=\"sc_section column-1_2\"><div class=\"sc_section_inner\"><span class=\"sc_icon icon-01 sc_icon_shape_round\"><\/span><h5 class=\"sc_title sc_title_regular margin_top_null margin_bottom_tiny\" style=\"color:#ffffff;\">C\u00edm\u00fcnk: Egyens\u00faly K\u00f6zPont<\/h5>[vc_column_text]2030 \u00c9rd, Budai \u00fat 26. (B\u00e9ke t\u00e9r fel\u0151li oldal)<\/p>\n<p>&nbsp;<\/p>\n<p>[\/vc_column_text]<\/div><\/div><div class=\"sc_section column-1_2\"><div class=\"sc_section_inner\"><span class=\"sc_icon icon-02 sc_icon_shape_round\"><\/span><h5 class=\"sc_title sc_title_regular margin_top_null margin_bottom_tiny\" style=\"color:#ffffff;\">Nyitvatart\u00e1s:<\/h5>[vc_column_text]H\u00e9tf\u0151 \u2013 P\u00e9ntek<br \/>\n8.00\u00a0 \u2013 20.00<br \/>\nH\u00e9tv\u00e9gi nyitvatart\u00e1s ig\u00e9ny szerint megoldhat\u00f3.[\/vc_column_text]<\/div><\/div><div class=\"sc_section column-1_2\"><div class=\"sc_section_inner\"><span class=\"sc_icon icon-03 sc_icon_shape_round\"><\/span><h5 class=\"sc_title sc_title_regular margin_top_null margin_bottom_tiny\" style=\"color:#ffffff;\">Telefon &amp; E-mail<\/h5>[vc_column_text]<\/p>\n<p style=\"color: #fff;\"><a tabindex=\"-1\" href=\"mailto:eskp.at.ta@gmail.com\" target=\"_blank\" rel=\"noopener noreferrer\">eskp.at.ta@gmail.com<\/a><\/p>\n<p>Sz\u00e9ll T\u00edmea: +36 20 808 1774<br \/>\n[\/vc_column_text]<\/div><\/div><div class=\"sc_section margin_top_tiny column-1_2\"><div class=\"sc_section_inner\"><span class=\"sc_icon icon-search sc_icon_shape_round\"><\/span><h5 class=\"sc_title sc_title_regular margin_top_null margin_bottom_tiny\" style=\"color:#ffffff;\">Facebook<\/h5>[vc_column_text]<a href=\"https:\/\/www.facebook.com\/egyensulykozpont\/\">facebook.com\/egyensulykozpont\/<\/a><\/p>\n<p>&nbsp;<\/p>\n<p>[\/vc_column_text]<\/div><\/div><\/div><\/div><\/div><div class=\"column-1_2 sc_column_item sc_column_item_2 even\" style=\"text-align:center;\"><div id=\"sc_googlemap_118449667\" class=\"sc_googlemap\" style=\"width:100%;height:620px;\" data-zoom=\"12\" data-style=\"style2\"><iframe src=\"https:\/\/maps.google.com\/maps?t=m&output=embed&iwloc=near&z=12&q=2030+%C3%89rd%2C+Budai+%C3%BAt+26.\" scrolling=\"no\" marginheight=\"0\" marginwidth=\"0\" frameborder=\"0\" aria-label=\"\"><\/iframe><\/div><\/div><\/div>[\/vc_column][\/vc_row][vc_row][vc_column]<div class=\"sc_content content_wrap\" style=\"padding: 5em 0;\"><h2 class=\"sc_title sc_title_regular sc_align_center margin_bottom_null\" style=\"text-align:center;\">Keress fel minket!<\/h2><h6 class=\"sc_title sc_title_regular sc_align_center margin_bottom_large\" style=\"text-align:center;color:#8a8a8a;\">Ha b\u00e1rmi felkeltette az \u00e9rdekl\u0151d\u00e9sedet, l\u00e9pj vel\u00fcnk kapcsolatba!<\/h6>\n<div class=\"wpcf7 no-js\" id=\"wpcf7-f4299-o1\" lang=\"en-US\" dir=\"ltr\" data-wpcf7-id=\"4299\">\n<div class=\"screen-reader-response\"><p role=\"status\" aria-live=\"polite\" aria-atomic=\"true\"><\/p> <ul><\/ul><\/div>\n<form action=\"\/index.php\/wp-json\/wp\/v2\/pages\/4842#wpcf7-f4299-o1\" method=\"post\" class=\"wpcf7-form init\" aria-label=\"Contact form\" novalidate=\"novalidate\" data-status=\"init\">\n<fieldset class=\"hidden-fields-container\"><input type=\"hidden\" name=\"_wpcf7\" value=\"4299\" \/><input type=\"hidden\" name=\"_wpcf7_version\" value=\"6.1.5\" \/><input type=\"hidden\" name=\"_wpcf7_locale\" value=\"en_US\" \/><input type=\"hidden\" name=\"_wpcf7_unit_tag\" value=\"wpcf7-f4299-o1\" \/><input type=\"hidden\" name=\"_wpcf7_container_post\" value=\"0\" \/><input type=\"hidden\" name=\"_wpcf7_posted_data_hash\" value=\"\" \/><input type=\"hidden\" name=\"_wpcf7_recaptcha_response\" value=\"\" \/>\n<\/fieldset>\n<p><span class=\"wpcf7-form-control-wrap\" data-name=\"email-312\"><input size=\"40\" maxlength=\"400\" class=\"wpcf7-form-control wpcf7-email wpcf7-validates-as-required wpcf7-text wpcf7-validates-as-email\" aria-required=\"true\" aria-invalid=\"false\" placeholder=\"E-mail*\" value=\"\" type=\"email\" name=\"email-312\" \/><\/span>\n<\/p>\n<div class=\"columns_wrap\">\n\t<div class=\"column-1_2\">\n\t\t<p><span class=\"wpcf7-form-control-wrap\" data-name=\"text-251\"><input size=\"40\" maxlength=\"400\" class=\"wpcf7-form-control wpcf7-text wpcf7-validates-as-required\" aria-required=\"true\" aria-invalid=\"false\" placeholder=\"N\u00e9v*\" value=\"\" type=\"text\" name=\"text-251\" \/><\/span><br \/>\n<span class=\"wpcf7-form-control-wrap\" data-name=\"tel-289\"><input size=\"40\" maxlength=\"400\" class=\"wpcf7-form-control wpcf7-tel wpcf7-validates-as-required wpcf7-text wpcf7-validates-as-tel\" aria-required=\"true\" aria-invalid=\"false\" placeholder=\"Telefon*\" value=\"\" type=\"tel\" name=\"tel-289\" \/><\/span>\n\t\t<\/p>\n\t<\/div>\n\t<div class=\"column-1_2\">\n\t\t<p><span class=\"wpcf7-form-control-wrap\" data-name=\"textarea-932\"><textarea cols=\"40\" rows=\"3\" maxlength=\"2000\" class=\"wpcf7-form-control wpcf7-textarea wpcf7-validates-as-required\" aria-required=\"true\" aria-invalid=\"false\" placeholder=\"\u00dczenet*\" name=\"textarea-932\"><\/textarea><\/span>\n\t\t<\/p>\n\t<\/div>\n<\/div>\n<p><span class=\"wpcf7-form-control-wrap\" data-name=\"acceptance-455\"><span class=\"wpcf7-form-control wpcf7-acceptance\"><span class=\"wpcf7-list-item\"><label><input type=\"checkbox\" name=\"acceptance-455\" value=\"1\" aria-invalid=\"false\" \/><span class=\"wpcf7-list-item-label\">Beleegyezem, hogy a kit\u00f6lt\u00f6tt adataimat t\u00e1rolj\u00e1k.<\/span><\/label><\/span><\/span><\/span><br \/>\n<input class=\"wpcf7-form-control wpcf7-submit has-spinner\" type=\"submit\" value=\"K\u00fcld\u00e9s\" \/>\n<\/p><div class=\"wpcf7-response-output\" aria-hidden=\"true\"><\/div>\n<\/form>\n<\/div>\n<\/div>[\/vc_column][\/vc_row]<\/p>\n","protected":false},"excerpt":{"rendered":"<p>[vc_row full_width=&#8221;stretch_row_content_no_spaces&#8221; el_id=&#8221;contact-us&#8221;][vc_column][\/vc_column][\/vc_row][vc_row][vc_column][\/vc_column][\/vc_row]<\/p>\n","protected":false},"author":6,"featured_media":0,"parent":0,"menu_order":0,"comment_status":"closed","ping_status":"closed","template":"","meta":{"footnotes":""},"class_list":["post-4842","page","type-page","status-publish","hentry"],"_links":{"self":[{"href":"https:\/\/eskp.hu\/index.php\/wp-json\/wp\/v2\/pages\/4842","targetHints":{"allow":["GET"]}}],"collection":[{"href":"https:\/\/eskp.hu\/index.php\/wp-json\/wp\/v2\/pages"}],"about":[{"href":"https:\/\/eskp.hu\/index.php\/wp-json\/wp\/v2\/types\/page"}],"author":[{"embeddable":true,"href":"https:\/\/eskp.hu\/index.php\/wp-json\/wp\/v2\/users\/6"}],"replies":[{"embeddable":true,"href":"https:\/\/eskp.hu\/index.php\/wp-json\/wp\/v2\/comments?post=4842"}],"version-history":[{"count":5,"href":"https:\/\/eskp.hu\/index.php\/wp-json\/wp\/v2\/pages\/4842\/revisions"}],"predecessor-version":[{"id":4851,"href":"https:\/\/eskp.hu\/index.php\/wp-json\/wp\/v2\/pages\/4842\/revisions\/4851"}],"wp:attachment":[{"href":"https:\/\/eskp.hu\/index.php\/wp-json\/wp\/v2\/media?parent=4842"}],"curies":[{"name":"wp","href":"https:\/\/api.w.org\/{rel}","templated":true}]}}